16/6*(-6)/(-4). Suppose 8*n = 4*n + 172. Let b = n - a. What is the tens digit of b?
1
Let j(g) = 2*g + 131 - 123 - g**2 - g**3 + 13*g**2. Let p be j(12). Suppose -4*d - 40 = -5*f, -5*d = 4*f - d - p. What is the units digit of f?
8
Let f(i) = 40*i**2 + 7*i + 11. What is the thousands digit of f(6)?
1
Suppose -n + 89 = 17. What is the units digit of n?
2
Let z be 3/12*4 - -3. Suppose -5*f + 2*f - z*n = 149, 4*f + 203 = -n. Let a = f - -81. What is the tens digit of a?
3
Let q = -9 + 11. Suppose q*o = 34 + 18. What is the units digit of o?
6
Let q be ((-8)/(-12))/((-8)/204). Let j = q - -25. Suppose 0 = 3*o - j*o + 65. What is the units digit of o?
3
Let t(k) = -120*k + 220. Let d(a) = -11*a + 20. Let y(j) = 32*d(j) - 3*t(j). What is the tens digit of y(9)?
5
Let l = -5489 + 8363. What is the hundreds digit of l?
8
Let u(w) = 7 - 4*w**2 - 3*w**2 + 2*w**2 + 6*w**2 + 8*w. What is the tens digit of u(10)?
8
Suppose c = 2*c + 2. Let t be (-2 + -4 - -3)*c. Let l = t - 0. What is the units digit of l?
6
Let t = 924 + -477. What is the hundreds digit of t?
4
Let o = 8766 - 5801. What is the units digit of o?
5
Suppose 3*j - 1507 = 5*y, 2*j - 31*y + 27*y = 1006. What is the tens digit of j?
9
Let t(a) = 508*a - 107. What is the tens digit of t(5)?
3
Suppose 4*g - 336 = -w - 139, g - 53 = w. What is the units digit of (-67)/(-2) - 25/g?
3
Suppose -2*m = -2*c + 30, 83 = -4*m - m + c. Let r be 2/4*m*-2. Suppose 0 = x - r - 31. What is the units digit of x?
8
Let k(p) = -p**3 + 2*p**2 + 2*p. Let f be 112/60 - (-8)/60. What is the units digit of k(f)?
4
Let d(u) = u**3 + 14*u**2 + 12*u - 4. Let l be d(-13). Suppose 2*y + l = 5. What is the tens digit of (y/5)/(9/(-270))?
1
Suppose -4*x + 1416 = t, 2*t - 1479 = x + 1380. What is the thousands digit of t?
1
Let v(j) = 7*j**2 - 36*j - 12. What is the thousands digit of v(16)?
1
Let p(m) be the first derivative of -28 + m + 11*m + 19 + 2*m**2. What is the tens digit of p(8)?
4
Suppose 0 = 4*d - 158 - 738. What is the hundreds digit of 7/21*3*(1 + d)?
2
Let f = 5064 - 1509. What is the tens digit of f?
5
Suppose 4*l + 5*f = 12, 3*f + 1 = 3*l - 8. Suppose 4 = 2*v, -3*s + 0*v - l*v = -192. What is the units digit of s?
2
Let u(k) = -k**2 + 19*k - 19. Let z be u(15). Let m be 2/(((-4)/3)/(-2)). Let l = z + m. What is the tens digit of l?
4
Suppose -5*v - 2*a = -270, -3*a - 158 = -3*v - 17. Suppose -4*k + 5 = -15. Suppose -v = -k*g + 3. What is the tens digit of g?
1
Let w(n) = -80*n + 560. What is the tens digit of w(-29)?
8
Let y(s) = -s**3 - 3*s**2 - 5*s + 5. Let q(v) = -5*v + 22. Let l be q(5). What is the units digit of y(l)?
0
Let z(v) = -v + 3. Let q be -3*((-10)/(-3) + -3). Let u be (-3)/(q + (-7)/(-4)). What is the units digit of z(u)?
7
Suppose 2*f - 4 = f - 3*y, 20 = 3*f + y. Let w(t) = -5*t + 6 - 8 - f. What is the units digit of w(-3)?
6
Let h(i) = 5*i**2 - 17*i - 301. What is the units digit of h(19)?
1
Let v(i) = -128*i - 248. What is the hundreds digit of v(-11)?
1
Let l(t) = t**2 + 3*t + 6. Let m be l(6). Suppose -4*d + m = -208. What is the tens digit of d?
6
What is the tens digit of -6*7/42*(-439 + 1)?
3
Let k = -1290 - -2158. What is the units digit of k?
8
Let s be 263*1 + (20 - 20). Suppose 2*j - 9 = s. What is the hundreds digit of j?
1
Let r be -4 - (-10 - (-3 - -4)). Suppose -r*k + 29 = -34. What is the units digit of k?
9
Let q(n) = 6*n**2 + n - 2. Let i be q(1). Suppose 181 = -3*s + 6*s + 5*o, -i*s = -3*o - 245. What is the tens digit of s?
5
Suppose -a = 3, -4*a = -3*o - 9 + 39. Let k(n) = n**2 - n - 5. Let y be k(o). Let c = y + 0. What is the tens digit of c?
2
What is the tens digit of (-13)/156 - (-11281)/12?
4
Let o be 40/6 + 24/(-36). Suppose -208 = -3*v - 4*h, 0 = -5*v - 4*h + 2*h + 342. Suppose 0 = -2*t + o*t - v. What is the units digit of t?
7
Let c(d) = 7*d + 6. Let i(p) = p + 1. Let n(w) = -9*w - 24. Let b(s) = 12*i(s) + n(s). Let k be b(5). What is the tens digit of c(k)?
2
Let r = -19 + 20. Suppose -3*v + 921 = 3*o, -5*o + 2207 = 3*v + 670. What is the units digit of o/10 - r/(-5)?
1
Suppose -4*u = -u + 81. Let v be 6/u - (-47)/9. Let s(j) = -j**2 + 6*j - 2. What is the units digit of s(v)?
3
Suppose 16 = 2*z - 3*d, -2*z - 2*z + 3*d + 20 = 0. Suppose -z*h + 16 = 2*h. Suppose u + 6 = -5*p, -2*u = -h*u + 5*p + 33. What is the units digit of u?
9
Let g(d) = 2*d**2 - 5*d**2 - 4 + d**3 + d + d**2. Let r be 1/(2/(-4)) + 6. What is the tens digit of g(r)?
3
What is the thousands digit of 267850/70 + 9/(-21)?
3
Let q be -331 + (1/7 - 6/42). Let m = -148 - q. What is the tens digit of m?
8
What is the units digit of (-4)/(-3) + (-14064)/(-9)?
4
Suppose -3*v - 4*s + 720 = v, -3*v + 546 = -3*s. Suppose m + 4*m = -j + v, -j + 73 = 2*m. What is the units digit of m?
6
Let q = -2495 - -4164. What is the tens digit of q?
6
What is the hundreds digit of ((-232)/290)/(1 - 477/475)?
1
Let v(s) be the third derivative of s**5/30 - 7*s**4/24 - 3*s**3 - 9*s**2 - s. What is the hundreds digit of v(14)?
2
Let o = -6 + 18. Suppose -o = -3*d - 0*d. Suppose -d*p + r = -29, 5*r + 49 = 3*p + 6. What is the units digit of p?
6
Let u = 213 - 85. Suppose -j - u = -3*v, 0*v - 2*j - 130 = -3*v. What is the units digit of v?
2
Suppose -211*d + 215*d = -20. Let t(j) = 3*j - 8*j - 6*j - 8. What is the units digit of t(d)?
7
Suppose w = -13 - 7. What is the tens digit of 6/15 + -202*6/w?
6
Let p = 119 - -3211. What is the units digit of p?
0
Let b(n) = 685 - 628 + 7*n + 5*n. What is the units digit of b(23)?
3
Let a(v) be the third derivative of -5*v**4/24 - 4*v**3/3 + v**2. Suppose -3*z + 2*z - 7 = p, 2*z - 5*p = -7. What is the units digit of a(z)?
2
Let w = -455 - -933. What is the hundreds digit of w?
4
Let q be -33*(2 + 42/9 - 3). Let a = -15 - q. What is the hundreds digit of a?
1
Let h = 2812 - 828. What is the hundreds digit of h?
9
Let p be 35908/28 + (-3)/7. What is the tens digit of p/7 + 1 + 24/(-21)?
8
Let u be 3/((10/(-42))/(-5)). Suppose u*s + 48 = 65*s. What is the tens digit of s?
2
Let q(n) = 7*n + 51. What is the units digit of q(30)?
1
Let l(u) = -3*u**2 - 13*u + 28. Let y be l(7). What is the units digit of (-296)/(-5) + 42/y?
9
Suppose 0 = 10*d - 884 - 726. What is the units digit of d?
1
Let n be (21/35)/((-2)/(-30)). Let y = n + -9. Let p = y + 21. What is the units digit of p?
1
Suppose -111 = -3*b + 3. Suppose 0 = 2*p - i + b, 0*p = p + 2*i + 29. Let h = p + 38. What is the units digit of h?
7
Let c = 165 + -118. Let m = 89 - c. What is the tens digit of m?
4
Let t = 9 + -1. Suppose 0 = h - 82 - t. What is the tens digit of h?
9
Let v be 2/(-2) - -1*4. Suppose -4*k + 147 = -1. Suppose -2*g - g + k = 2*w, g + v*w = 17. What is the units digit of g?
1
Suppose 0 = 5*w + 3*z - 6, -4*z - z - 3 = 4*w. Suppose 3*m - 97 = w*k + 32, -137 = 3*k + 5*m. Let y = -31 - k. What is the units digit of y?
3
Let x(q) = -q - 2. Let p be x(-4). What is the units digit of ((-640)/(-24))/(p/6)?
0
Let c be (10/5)/(3/(-24)). Let t = -23 - c. Let x(v) = 2*v**2 + 8*v - 5. What is the tens digit of x(t)?
3
Suppose 0*i - 3*i + z + 266 = 0, i - 93 = -4*z. Suppose -i = n - 2*n. What is the units digit of n?
9
Suppose -3*o = -6*d + 2*d + 291, -3*d - o = -228. What is the tens digit of d?
7
Let z(x) be the third derivative of x**7/1260 - x**6/144 + x**5/40 + x**4/6 - 4*x**2. Let o(a) be the second derivative of z(a). What is the tens digit of o(4)?
1
Let w be (3/(27/(-3)))/((-4)/12). What is the tens digit of (2*w/4)/(12/912)?
3
Let z(x) = x**2 - 8*x - 76. What is the units digit of z(-18)?
2
Suppose 0 = -q + 4*m + 10, 0 = m + 2. Suppose 0 = q*r + 3 - 7. Suppose 3 + r = 5*n. What is the units digit of n?
1
Suppose -6*l = -l + 940. Let j = -107 - l. What is the units digit of j?
1
Suppose -113 = 9*x + 4. Suppose 11 = -p - 0*p. Let d = p - x. What is the units digit of d?
2
Let r be -1*4 + 10 + -3. Suppose r*o = -35 - 52. What is the units digit of o*-1*8/4?
8
Let g = 1 - 0. Suppose -x + g = -62. Suppose 3*d = 3*s + x, 0*s - 2*s - 22 = -d. What is the units digit of d?
0
Let d(f) = f + 7. Let s be d(-5). Suppose -5*a - 267 = -3*l, -s*l - a = -176 - 2. What is the units digit of l?
9
Suppose 4*u = -l + 521, 85 = 2*u - l - 180. What is the units digit of u?
1
Let f(n) = n**3 + 2*n**2 + 2*n - 4. Let o be f(2). Suppos